 the tens digit of t/(-12) + 2 + 1?
4
Let q(k) = 51*k**2 + 13*k - 37. What is the tens digit of q(4)?
3
What is the hundreds digit of 12650/14 - 81/(-189)?
9
What is the units digit of (-6)/3*(-2 - 42) + -1?
7
Let a = -9 - -11. Suppose f - a - 2 = 0. Suppose -4*v + 2*q + 40 = 0, -3*v + 0*q = -f*q - 20. What is the tens digit of v?
1
What is the hundreds digit of (-485966)/(-195) + -12 - 4/30?
4
Suppose t - 494 = -d, 6*d - 2*d - 1969 = 3*t. What is the hundreds digit of d?
4
Let t = 55 - 56. What is the hundreds digit of -3 - (1 + t + -2 - 284)?
2
Let m(a) = -a**3 - 4*a**2 + a + 1283. What is the tens digit of m(0)?
8
Suppose 4*l - 5 - 19 = 0. Let c be (7 + -7)/(l/(-2)). Suppose 4*i - 135 = i + v, c = 5*v. What is the units digit of i?
5
What is the tens digit of (-1 - 7/(-6)) + (-22710)/(-36)?
3
Let k be 244 - (-1 - (-2 - 0)). Suppose -16*v = -13*v + k. Let p = v - -125. What is the units digit of p?
4
Suppose 0*n - 5*r = n, 4*n = -4*r. Let o(q) = 5*q + 52. What is the units digit of o(n)?
2
Let x(b) = 67*b - 14. Let r be x(-13). What is the tens digit of (6/(-9))/(10/r)?
5
Suppose 34 = 4*k + 3*a + 1, -2*a + 18 = 2*k. Suppose 2*g - k + 4 = 2*n, 25 = 5*g. What is the units digit of n?
4
Let d(j) = -4*j**2 - 3*j - 35. Let u be d(-6). Let n(i) = 56*i**2 - 2*i - 1. Let p be n(-2). Let t = p + u. What is the units digit of t?
6
Let o be ((-52)/4 + 2)/(-1). Let n = 8 - o. Let c = 14 + n. What is the tens digit of c?
1
Let h(m) = -m + 1. Let i(c) = -c + 1. Let o(b) = -6*h(b) + 3*i(b). Let p be o(6). What is the tens digit of (-9)/p - 378/(-30)?
1
Suppose 0 = -4*p + 918 + 1670. What is the units digit of p?
7
Suppose -597 + 122 = -i. Suppose -j - i = -6*j. What is the units digit of j?
5
Let a be (-6)/9*3/2. What is the units digit of (4 - 53 - 0)/a?
9
Let i(c) = -c + 6. Let b be i(5). What is the tens digit of (-368)/(1 - 5)*b?
9
Let b(m) be the third derivative of -m**5/2 - m**4/24 + m**3/6 + 4*m**2. Let a be b(1). Let o = a - -48. What is the tens digit of o?
1
Suppose -16*u + 18*u = 512. What is the tens digit of u?
5
Suppose -2*w = 21*f - 26*f + 9527, w - 1911 = -f. What is the thousands digit of f?
1
What is the hundreds digit of (-4839)/(-9) - ((-78)/18)/13?
5
Suppose -35 = -2*d - 27. Suppose 430 = 3*m - 4*w, -2*m + d*w - w = -288. What is the units digit of m?
8
Let y(t) be the first derivative of -3*t**2 - 112. Let d = -7 + 0. What is the units digit of y(d)?
2
Suppose -12*k = -3 - 1005. What is the units digit of k?
4
Suppose 0 = 3*n - 5*k - 288, 0 = 3*n - k + 5*k - 288. Suppose 2*o - 20 = -n. Let c = 68 + o. What is the tens digit of c?
3
Suppose -c + 0*c + 26 = 0. Let z = -20 + c. What is the units digit of z?
6
Suppose -24*j - 2 = -22*j. What is the units digit of j/((-52)/(-18) + -3)?
9
Let d(y) = 2 - 1 + 0 - 3*y - 6*y. What is the units digit of d(-4)?
7
Suppose 2 = n - 2. Suppose 0*f - f = -2*p + 1, 5*f = -4*p + 9. Let x = n - f. What is the units digit of x?
3
Let j(d) = d**2 + 5*d - 6. Let a be j(-6). Suppose 5*b - 20 - 45 = a. What is the units digit of b?
3
Let y = -27 - -31. Suppose -5*w - 155 = -4*f - 564, 322 = y*w + 2*f. What is the tens digit of w?
8
Let d(y) = 11*y - 25. Let q be d(17). Suppose -b + 78 = 5*j, 5*b - 98 = j + q. What is the units digit of b?
3
Let g(b) = 3*b**2 - 12*b - 41. What is the units digit of g(11)?
0
Let m(b) = 60*b + 78. What is the hundreds digit of m(9)?
6
Let w = -19 - 19. Let g = 35 - w. What is the units digit of g?
3
What is the tens digit of -4 + 8 + (-463 + 1)/(-3)?
5
Suppose 0 = 4*c + 4*z - 3516, z = c + 3*c - 3541. What is the tens digit of c?
8
Let c(g) be the first derivative of -g**4/4 - g**3 + 9*g**2/2 + 12*g + 12. What is the units digit of c(-5)?
7
Suppose 3*t + t = 2*o - 24, 9 = -3*o - 3*t. Suppose 2*p - 8 = -o*x - p, p = 0. What is the units digit of x?
4
Suppose 128*d = 121*d + 11599. What is the hundreds digit of d?
6
Let x(z) = -z**2 - 16*z - 26. Let i be x(-15). What is the hundreds digit of (-30)/12*8*i?
2
Let k(w) = -w**3 - 16*w**2 + w + 21. Let a be (32/10)/((-2)/10). Let m be k(a). Suppose m*v - 188 = v. What is the units digit of v?
7
Suppose 5*v + 6 = -4. Let c(s) be the second derivative of s**4/2 + 2*s**3/3 + s**2 - 5*s. What is the tens digit of c(v)?
1
Let z = 2109 - 1254. Suppose k + 4*k = z. Suppose -d - k = -4*d. What is the units digit of d?
7
Let u(n) = -n**2 - 59*n - 109. What is the hundreds digit of u(-45)?
5
Suppose 21347 - 5362 = 23*f. What is the hundreds digit of f?
6
Suppose -11 + 21 = 5*q. Let t(u) = 32 + q*u - u + u - 3*u. What is the tens digit of t(15)?
1
Suppose 0 = 46*i - 38*i - 8120. What is the thousands digit of i?
1
Let b = -2657 - -3988. What is the thousands digit of b?
1
Suppose 5*v + 3*l = -38, 3*v = -v - 4*l - 24. Let s = v - -13. What is the units digit of (s/(-9))/((-4)/168)?
4
Suppose 5 = -5*q + 90. Let l = 8 + q. What is the tens digit of l?
2
Let w(l) be the first derivative of 9*l + 2 - 7/3*l**3 - 4*l**2 + 1/4*l**4. What is the units digit of w(8)?
9
Suppose -2*i + x + 1273 = 0, 3*i + 3*x - 1906 = x. What is the units digit of i?
6
Suppose 519 = 5*v + 1374. Let x = -48 - v. What is the tens digit of x?
2
Suppose 2*t - 4*t = -8694. What is the units digit of (-1)/(-4) + t/84?
2
Suppose -2*a = -7*a + 7440. Suppose -13*c = a - 4309. What is the hundreds digit of c?
2
Suppose -3*c + u = -4437, 0 = -c - u - 526 + 2009. What is the tens digit of c?
8
Suppose 4*v - 2*v = 4*p + 302, -4*p = 5*v - 769. Let d = -85 + v. What is the units digit of d?
8
Let c(v) = v**2 - 2*v + 2. Let f be c(2). Let w = 14 - f. Let y(g) = -g**3 + 13*g**2 - 11*g - 11. What is the units digit of y(w)?
1
Let u = -13 + 20. Suppose -u*c - t + 167 = -4*c, -2*t - 65 = -c. What is the units digit of c?
7
Let o(i) = -156*i**3 + i + 1. Let l be o(-1). Suppose 0 = -6*d + l + 192. What is the units digit of d?
8
Let n = -17 - -16. What is the units digit of (-43)/((n + -3)/4)?
3
Let c(j) = j**3 - 6*j**2 - 25*j + 3. Let v be c(8). Let d = 217 + v. What is the hundreds digit of d?
1
Let p(i) = -i**3 - 13*i**2 + 17*i - 17. Let s(a) = 4*a**3 + 40*a**2 - 51*a + 51. Let x(h) = -7*p(h) - 2*s(h). What is the units digit of x(9)?
6
Suppose 12*k + 20 = 104. Let l(t) = -t + 18. What is the units digit of l(k)?
1
Let k(h) = -7*h**3 + 2*h + 3. Suppose -2*r + t = 7, 4*t = -2*r - t + 11. What is the tens digit of k(r)?
5
Let j(p) = p**2 - p - 3. Let r(d) = -d - 11. Let a be r(-14). Let h be j(a). Suppose -102 - 24 = -2*t + 4*v, -4*v = h*t - 159. What is the tens digit of t?
5
Let p(l) = l**3 - 18*l**2 + 2*l - 34. Let h be p(18). Suppose 5*j - 1260 = -h*j. What is the units digit of j?
0
Suppose 19*l - 18*l - 45 = 0. What is the units digit of ((-56)/6)/((-6)/l)?
0
Suppose 11*w + 115630 = 42*w. What is the units digit of w?
0
Let b(j) = 47*j - 8. Let s(l) = -l - 1. Let t(p) = b(p) + 5*s(p). What is the tens digit of t(3)?
1
Suppose i + 3 - 1 = 0, -5*b = 3*i + 6. Suppose b = 2*t - 5 - 3. Suppose 4 = t*d + h, -d + 2*h + h + 1 = 0. What is the units digit of d?
1
Let j = 13340 - 7943. What is the tens digit of j?
9
Suppose -8*w + 4*w + 1488 = 0. What is the units digit of w/5 + -2 + (-2)/5?
2
Let q(x) = x**3 + 8*x**2 + 19*x - 3. Let u(i) = -i**2 + i - 1. Let j(w) = -q(w) + 5*u(w). Let m(k) = 11*k - 1. Let a be m(-1). What is the units digit of j(a)?
2
Suppose 4*a - 1248 = -68. What is the units digit of a?
5
Let q be 2/(-3) - (-172)/6. Suppose -q = -6*z + 3*z + 2*u, -4*u = -16. What is the units digit of z?
2
Suppose 5*z - 5 = 0, 2*q + 1 = z + 6. Suppose -o = -j - 5, q*j = 5*j + 2*o - 10. Suppose -4*y + 10*h - 5*h + 21 = j, 0 = -2*h - 2. What is the units digit of y?
4
Let b(z) = z + 5. Let d be b(-13). Let w = -8 - d. Let y = 1 - w. What is the units digit of y?
1
Let s(j) = 176*j - 145. What is the units digit of s(5)?
5
Let d(f) = -12*f - 14. Let x be d(7). Let j = 38 - x. What is the tens digit of j?
3
Let f be (3*-1)/(27/(-36)). Suppose 15 = f*l + c - 31, -3*l - 2*c = -37. What is the tens digit of l?
1
Let j(i) = 78*i - 15. Let q(k) = 39*k - 7. Let r(n) = -4*j(n) + 9*q(n). Let u be r(2). Let y = -21 + u. What is the units digit of y?
4
Let l be 4/10 + (-6)/15. Suppose l = 3*o - b - 10, 5*o - 4*b - b = 20. Suppose 0*w = -o*w + 51. What is the tens digit of w?
1
Suppose -o + 2*y + 21 = 0,